- g*v = 8*c - 103. List the prime factors of c.
109
Suppose 848 = r + 598. Suppose 3*c - 8*c - j = -1178, c + 5*j = r. What are the prime factors of c?
5, 47
Let t(q) = -14*q - 545. Let n(f) = 13*f + 543. Let j(c) = 7*n(c) + 6*t(c). What are the prime factors of j(0)?
3, 59
Let f be 539865/54 + 3/(-2). What are the prime factors of (f/20 - -3) + 1/5?
503
Let l(i) = -12*i - 1. Let o be l(8). Let a be (3/6)/(7/(-14)). Let b = a - o. List the prime factors of b.
2, 3
Let c be (-5)/15 - (610/6)/(-5). Suppose -7*m + 377 - c = 0. Suppose -4*a + 163 = m. What are the prime factors of a?
2, 7
Let l be (12/(-7))/(84681/12096 + -7). Let s = l + 4304. List the prime factors of s.
2, 5
Let v be (4/6)/((-6)/657). Let o = v + 87. List the prime factors of 4/o - (-5872)/28.
2, 3, 5, 7
Let l(b) = 2*b**2 + 6*b + 171. Let w(i) = -8*i**2 - 25*i - 684. Let z(f) = 9*l(f) + 2*w(f). Suppose 15*d = 18*d. List the prime factors of z(d).
3, 19
Let i be ((-260)/(-585))/(4/(-18)). Let f(d) = -175*d - 5. What are the prime factors of f(i)?
3, 5, 23
Let c be 1 - -5 - (3 - 0). Suppose 5*x = -2*k - 67, 77 + 64 = -4*k - c*x. Let u = k - -165. List the prime factors of u.
3, 43
Let i(a) = a + 11. Let j be i(0). Suppose -25 - j = -2*v. List the prime factors of (-674)/(-6) + v/27.
113
Suppose -8*j = -4*j + 5*s - 1205, -5*j = -2*s - 1498. Suppose 101 + j = a + 3*k, 3*a + k - 1171 = 0. List the prime factors of a.
389
Let p(l) = 5227*l - 6578. List the prime factors of p(9).
5, 8093
Let p = -2 + 1. Let m be p - -4 - 1 - 0. Suppose 0*g + m*g = 222. List the prime factors of g.
3, 37
Let i = -218 + 218. Suppose r - 3*k - 173 = 0, i = 4*r + 4*k - 169 - 555. What are the prime factors of r?
179
What are the prime factors of (-4)/22 + ((-3905901)/(-297) - 27)?
2, 17, 193
Suppose -32 = -4*f - 2*z + 6*z, 0 = 2*z + 2. Suppose -3429 = -f*k + 2528. What are the prime factors of k?
23, 37
Let m(g) = -g**2 + 12*g + 40. Let u be m(14). Suppose 8*s - u*s = -1028. What are the prime factors of s?
257
Let l(x) = 25*x - 95. Let p(r) = 50*r - 189. Let y(v) = -7*l(v) + 4*p(v). Let n be -8*(-1 + (0 - 0/(-1))). What are the prime factors of y(n)?
109
Suppose -5*n - 28*n = -210507. What are the prime factors of n?
6379
Let i(x) = x**2 + 28*x + 132. Let v = 506 - 537. List the prime factors of i(v).
3, 5
Let t(o) = o**3 - 15*o**2 - 5*o + 67. Let x be t(15). List the prime factors of (0 + -2542)/(x - -6).
31, 41
List the prime factors of (-4*(-252)/(-192))/((-1)/(-1772)*-1).
3, 7, 443
Suppose 27*b - 67*b = -68480. List the prime factors of b.
2, 107
Suppose l - 2*z + 4*z - 3328 = 0, 0 = 5*l - 4*z - 16584. List the prime factors of 3/(-2)*l/(-30).
2, 83
Suppose 9*b = 296 + 244. What are the prime factors of b/36 - (-524)/6?
89
Let c(v) = -v - 21356 + 2*v**2 + 21345 - 12*v. List the prime factors of c(-7).
2, 89
Let h(g) = g**3 - 5*g**2 - 53*g + 681. What are the prime factors of h(37)?
2, 3, 443
Let r = 805 + -1191. Let c = r - -617. What are the prime factors of c?
3, 7, 11
Let j = -3 - -5. Suppose 2*m - 4*m = -6, 0 = j*l + m - 9. Suppose 39 = -2*x - 5*p + 170, -l = -p. List the prime factors of x.
2, 29
Suppose 0 = -83*d + 94*d - 425788. What are the prime factors of d?
2, 9677
Let p(v) = v**3 + 12*v**2 - 26*v + 35. Let c be p(-12). Let n = 414 - c. What are the prime factors of n?
67
Let h = -4 - -7. List the prime factors of (4/(-6))/(h/(-2124)).
2, 59
Let i = -15793 - -31459. What are the prime factors of i?
2, 3, 7, 373
Suppose 5*s = 327 + 618. Let t = 132 - s. Let p = -11 - t. List the prime factors of p.
2, 23
Suppose m = 4*m - 12. Let l be 231/49 + m/14. Suppose 155 + 135 = l*f. What are the prime factors of f?
2, 29
Suppose 0 = -2*r + 5067 - 1055. Let i = r + -480. List the prime factors of i.
2, 7, 109
Let x(z) = z**3 - 15*z**2 - z + 18. Let t be x(15). Let s(b) = 3*b - 2*b**2 - b + 7 + 6*b**2 + 6*b**2. List the prime factors of s(t).
103
Let u be ((-14)/3)/(-7)*(5 - -1). Let q(i) = 370*i - 21. List the prime factors of q(u).
1459
Suppose -29*m + 34*m = -z + 4065, 4*m - 5*z - 3281 = 0. Let u = -100 + m. List the prime factors of u.
2, 3, 7, 17
Let p(v) = 155*v**2 - 26*v - 19. What are the prime factors of p(-13)?
2, 3, 491
Let n be ((-8)/(-20))/(4*(-5)/(-950)). Suppose 15*t + 1336 = n*t. List the prime factors of t.
2, 167
Let h be 5 - (-1 + 5 + -4 + 0). Suppose g = -h + 180. Suppose 3*q - 383 = g. List the prime factors of q.
2, 3, 31
Let y(o) = -o + 29. Let u be y(19). Let d be (u/(-3))/((-11)/33). List the prime factors of (-2 + 316/5)*d/3.
2, 3, 17
List the prime factors of (-8254)/(-10) + 14/(-10) - -3.
827
Let u(f) = 29*f**2 + 42*f + 200. Let c be u(-5). Suppose 69*y + c = 74*y. List the prime factors of y.
11, 13
Suppose -t - 32 = -4*g, 0 = -3*g - t - 4*t + 24. Suppose 4*y - g = 0, -5*y + 2110 = 4*o - 1236. Suppose -27*r - o = -33*r. What are the prime factors of r?
139
Let z be ((-161)/(-35) - 4)/((-2)/(-10)). List the prime factors of (-2)/z + (19752/36 - 2).
2, 3, 7, 13
Let h(x) = -16*x - 5. Let l(n) = 1. Suppose -6*z + 4*z = -t - 15, -4*t - 45 = -5*z. Let q(s) = z*h(s) + 30*l(s). List the prime factors of q(-3).
5, 7
Suppose 0 = -4*t + 5*f + 30843, 4*f = -2196 + 2168. What are the prime factors of t?
2, 3851
Let j = -4601 + 14639. List the prime factors of j.
2, 3, 7, 239
Let o be 156/(-18)*(-18)/12. Suppose o*v - 960 = 8*v. List the prime factors of v.
2, 3
List the prime factors of (303 - 11)/(6 - (-768)/(-129)).
2, 43, 73
Let r be (-18)/(-3)*3/(36/4). Suppose 2*l + r*j = 8, -4*j + 0 - 4 = 0. Suppose -l*b = -13*b + 1400. List the prime factors of b.
5, 7
Let u = 950 + -282. Let n = u - 577. List the prime factors of n.
7, 13
Let m(b) = 41*b + 49. Suppose 14*q - 12*q = 0, -2*i + q + 6 = 0. What are the prime factors of m(i)?
2, 43
Let v = -10135 - -21066. What are the prime factors of v?
17, 643
Let l = 8775 - -10850. What are the prime factors of l?
5, 157
Let s(x) = 11*x**3 + 4*x**2 - 4*x + 2. Let d be s(2). Let h be (2/4)/((-2)/(-732)). Let i = h - d. What are the prime factors of i?
5, 17
Let v(i) = -192*i**3 - 3*i**2 - 5*i - 2. Let h be v(-3). Suppose -h = -5*j + 3*f, 13*j + 1034 = 14*j - 3*f. List the prime factors of j.
2, 11, 47
Suppose 104*m - 997699 = -400585 + 470758. What are the prime factors of m?
2, 17, 151
Suppose -31*k = -5*k - 69680. Suppose -4*g - k = -12*g. What are the prime factors of g?
5, 67
Let a be 66/(-231) - (-159123)/21. Suppose 0 = 5*q + 2342 - a. What are the prime factors of q?
3, 349
Suppose -226 = 2*z + 2*x, -3*z = -3*x + 187 + 158. Let r = 868 + z. List the prime factors of r.
2, 13, 29
Let r = 7 + 3. Let j be (60/(-10) - 6) + 15. Suppose -j = d - r. What are the prime factors of d?
7
Suppose -208*u + 3011373 = 1393215 - 2668722. What are the prime factors of u?
2, 3, 5, 229
Suppose 1327 = 3*o + 4*s, -5*s + 8*s = -6. Suppose 0 = t + 5*r + 2, -3*r = 5*t + r - 11. Suppose -t*k = 2*k - o. What are the prime factors of k?
89
Let q = 236 - -258. Let f = q - 453. List the prime factors of f.
41
Suppose 0 = 5*c + a - 50797, -8 - 10 = 6*a. List the prime factors of c.
2, 5, 127
Suppose 52483 = 2*t - 5*q - 92313, 0 = -2*t + 6*q + 144798. List the prime factors of t.
3, 59, 409
Suppose 3*v + 3*q - 24 = 0, 3*v + 5*q - 34 = -0*q. Suppose 4*c = 5*p - 257, -141 = -3*p - v*c + c. What are the prime factors of p?
7
Let z(g) = -7 + 28 - 19 - 46*g. List the prime factors of z(-3).
2, 5, 7
Let t = 103 - 95. Let h(g) = g**3 - 8*g**2 + 7*g + 17. What are the prime factors of h(t)?
73
Let n(v) = -23*v + 324. Let u(y) = y**3 + 11*y**2. Let b be u(-11). What are the prime factors of n(b)?
2, 3
Let k be (6 - 0)*(-16)/(-32). Suppose 30 = k*i - 0*i + 4*u, -5*u = 2*i - 13. What are the prime factors of (-4)/i - 4002/(-42)?
5, 19
Let g be 0 - ((-2)/(-5))/(2/(-810)). What are the prime factors of (-54)/g*(-160 + (2 - 1))?
53
Let m = 7 + 29. Let l = m - 33. Suppose -5 = -l*g + 28. What are the prime factors of g?
11
Let g(p) be the second derivative of p**4/12 + p**3/3 + 23*p**2/2 + 20*p. What are the prime factors of g(5)?
2, 29
Let m be 4 + 80/(-35) - 4/(-14). Suppose -u - m + 4 = 0. Suppose -2*l = -u*b - 2, 3*l - 17 + 2 = 0. What are the prime factors of b?
2
Let a = 6212 + -5219. List the prime factors of a.
3, 331
Let o(a) = 9*a - 2 - 10 + 6. Suppose -5*y - 1509 + 151